s of g + -1 + (0 - -1).
2
Suppose -o + 4*b = 11, 2*o + 5 - 10 = -b. Let v(a) = 14*a**3 + a**2 - a. What are the prime factors of v(o)?
2, 7
Suppose -3 = -2*u + u. Suppose -u*w - 62 = -5*w + 5*x, -5*w + 3*x + 117 = 0. What are the prime factors of w?
3, 7
List the prime factors of (3/4)/((-22)/(-264)).
3
Let v(f) = 24*f**2 + 2*f. List the prime factors of v(1).
2, 13
Let c = -27 + 136. List the prime factors of c.
109
Let o(w) be the first derivative of -7*w**2 - w - 1. Let r(l) = -l**2 - 5*l + 5. Let h be r(-6). What are the prime factors of o(h)?
13
Suppose n - 22 - 116 = 0. List the prime factors of n.
2, 3, 23
Let k(x) = -x**2 + 8*x - 5. Let u be k(5). Suppose 5*b + 24 = 4*p - 0*b, 4*p - 24 = -5*b. Suppose p*z = z + u. List the prime factors of z.
2
Let g be -1 + (-3)/(-9)*0. Let j = 20 + g. Suppose 2*d - 7 = j. What are the prime factors of d?
13
Suppose -8*b + 2*b = -138. What are the prime factors of b?
23
Let l = -11 + 16. Let g(d) = -d**2 + 6*d + 1. What are the prime factors of g(l)?
2, 3
List the prime factors of (-38 + 0 + -1)/(-1).
3, 13
What are the prime factors of (-77)/(-2) - ((-42)/12)/(-7)?
2, 19
Let b(f) = f**2 - 2*f + 3. Let j(l) = -2*l**2 + l - 2. Let r(w) = -3*b(w) - 2*j(w). List the prime factors of r(-6).
7
Let r(q) = -q**3 - 14*q**2 + 27*q - 12. List the prime factors of r(-16).
2, 17
Let t = -10 + 14. Suppose -5*w + 4*x = -68, -4*x = t*w + x - 79. What are the prime factors of w?
2
What are the prime factors of 2/(30/(-9) - -4)?
3
Let x(z) = z**3 + 12*z**2 + 9*z + 11. What are the prime factors of x(-11)?
3, 11
Let m = 35 - 10. Let a = m + -46. Let x = 34 + a. List the prime factors of x.
13
Suppose 0 = -2*x - 2*x + 4. Let o = 11 - x. What are the prime factors of o?
2, 5
Suppose 2*y + 1 = 3*y. Let k(o) = 9*o**3 - 5*o**3 - o + 10*o**3. What are the prime factors of k(y)?
13
Let x = 7 - 4. Suppose -2*i + 5*d = -8, x*i + 26 = 7*i - 5*d. What are the prime factors of i?
3
Suppose -l = -21 - 26. Suppose 0 = 2*x - j - l, 6*x - x + j - 107 = 0. List the prime factors of x.
2, 11
Suppose r = -2*l + 12, 0 = l + 2*l - 3*r. Suppose k = -6*c + c - 1, 4*c = -2*k - 2. Suppose -n + c*n = -l. What are the prime factors of n?
2
Suppose 477 = 5*b - 4*n, -4*b + n + 363 = 4*n. What are the prime factors of (b/6)/((-2)/(-4))?
31
Let s = 40 + 38. What are the prime factors of s?
2, 3, 13
Suppose 74 = 3*l + n, 5*l - 60 = 2*n + 67. Suppose 0 = -4*d + l + 15. What are the prime factors of (-12)/d*(-60)/9?
2
Let v = 8 + -7. Suppose c - v - 33 = 0. List the prime factors of c.
2, 17
Let a be 14/(-3 - -1) + 2. Let o = -3 - a. Suppose -c + 3 = 5*k, -c - 1 = o*k - 4. What are the prime factors of c?
3
Let s = -41 - -82. Let g = s - 4. What are the prime factors of g?
37
Suppose -w = -3*l + 5 - 1, l = 4*w - 17. List the prime factors of w.
5
Suppose -d = -5*q - 28 - 7, -2*d + 125 = q. Suppose 5*t + d = 8*t. Suppose 5*f + 3*v = 8, -5*v - 4 = -f + t. What are the prime factors of f?
2
Suppose 0 = -3*l - 2*l + 200. What are the prime factors of l?
2, 5
Let a(m) be the first derivative of -2*m**3/3 - m**2 - 2*m + 1. Let s be a(-2). Let d(t) = -t**3 - 7*t**2 - 8*t + 4. What are the prime factors of d(s)?
2
Suppose -r + 5*v = 25, 6*r = 2*r + 2*v - 64. What are the prime factors of r/(2 - 3) - -1?
2
Let m(o) be the first derivative of o**3/3 - o**2 + 2*o - 1. Let v be m(2). List the prime factors of v - (-2 + -1 + -1).
2, 3
Let j = 31 + -45. Let n be 2/(-5) - (-107)/5. Let p = j + n. List the prime factors of p.
7
Let c = 24 + -14. What are the prime factors of (11 + -13)/((-4)/c)?
5
Suppose -4*i + 9*i = 10. List the prime factors of (54/12)/(i/4).
3
Suppose 0 = -8*u + 320 + 800. List the prime factors of u.
2, 5, 7
Suppose r + 4 - 7 = 0. Suppose -3*y + 102 = 2*m, -2*m + 5*m - y = 142. Suppose -r*l - l = -m. List the prime factors of l.
2, 3
Suppose p - 9 = 26. What are the prime factors of p?
5, 7
What are the prime factors of (-9 + 10)/((-234)/(-232) - 1)?
2, 29
Let v(d) = 4*d + 2. Let o(g) = -6*g - 3. Let n(p) = 5*o(p) + 7*v(p). List the prime factors of n(-5).
3
Suppose -3*o + 1 = -8. Let n = -6 + o. Let j = n - -10. What are the prime factors of j?
7
Let d(g) = g**2 - 7*g + 2. Suppose 0 = 2*z - 3*z + 17. Suppose -5*n + 18 + z = 0. What are the prime factors of d(n)?
2
Suppose 4*y = 5*o - 10 + 22, -5*y = 5*o - 15. Suppose o*c = 5*c. Suppose 4*l = -c*l + 48. List the prime factors of l.
2, 3
Let z be ((-4)/(-6))/2*12. Let o(n) = -n**3 + 5*n**2 - 4*n + 2. Let f be o(z). Suppose -4*c - 4*s - s = 8, 0 = f*c - 4*s - 22. List the prime factors of c.
3
Suppose -316 - 84 = -8*f. List the prime factors of f.
2, 5
Let t = 5 + -4. Let y be (0 - -9)*t/(-3). What are the prime factors of 5 + (1 - (y + 6))?
3
Let a be -1*-8*1*1. Let d(r) = r**2 + 3*r - 4. Let s be d(-4). Suppose q = -s*q + a. List the prime factors of q.
2
Let p(w) = -w - 2. Let y be p(-5). List the prime factors of (-1)/y + (-102)/(-9).
11
Let g(i) = i - 1. Let p(u) = 6*u - 1. Let q(f) = 2*g(f) - p(f). Suppose 4 = -4*m + 2*m + w, -1 = -3*m - 2*w. What are the prime factors of q(m)?
3
Suppose 3*s - 10 = 161. List the prime factors of s.
3, 19
Let c = 11 + -15. What are the prime factors of c/(-2) - (-24)/3?
2, 5
Let m(g) = g**3 + g**2 - 3*g - 5. What are the prime factors of m(4)?
3, 7
Suppose -187 = -d + 5*m, -4*d + m = -30 - 794. List the prime factors of d.
3, 23
Let n = 96 + -48. Suppose -6*g + n = 2*h - 2*g, 5*h + 5*g = 120. What are the prime factors of h?
2, 3
Let r(f) = -29*f + 1. Let c be r(1). Let b = 20 + c. Let w = 0 - b. List the prime factors of w.
2
Let h(y) = y**2 - 2*y - 1. Let i be h(3). Suppose i*s + g = 9, -s - g = 4*s - 18. Suppose -s*o = -0*o - 6. What are the prime factors of o?
2
Let h = 92 + -51. What are the prime factors of h?
41
Let u(x) = 3*x - 5. What are the prime factors of u(5)?
2, 5
Suppose g + 8 = 3*g, -5*t = 4*g - 41. Let l = 7 - -18. Suppose l = -0*v + t*v. What are the prime factors of v?
5
Let u be (-1 + 3 - 1)*-9. List the prime factors of (-1 + -9)*u/18.
5
Suppose -5*a - 116 = -346. Let l = -27 + a. What are the prime factors of l?
19
Let r(h) = 4*h + 3. Let q be r(4). Suppose -2*z + q = -11. List the prime factors of z.
3, 5
Let a(k) = k + 5. Let u be a(-4). Let q(n) = 23*n. List the prime factors of q(u).
23
Suppose -9*k = -3*k - 144. List the prime factors of k.
2, 3
Let l = 61 - 33. Suppose 0 = 3*u - c + 100, u = -2*c + 5*c - l. Let k = -23 - u. List the prime factors of k.
11
Let l = -5 - -5. Suppose -4*t + 7 = 3*b, 5*b - t + 0*t - 50 = l. What are the prime factors of b?
3
Let c = 40 + 5. List the prime factors of c.
3, 5
Let w(q) be the third derivative of q**4/24 + 5*q**3/6 - 2*q**2. What are the prime factors of w(7)?
2, 3
Let d be (1/2)/(3/18). Suppose 0*a - 27 = -d*a. What are the prime factors of a?
3
Let b(l) = l**2 + 8*l - 2. Let q be b(-5). Let d = q - -31. Suppose -2*o - 2 = -10, x + o - d = 0. What are the prime factors of x?
2, 5
What are the prime factors of -1182*2/1*(-1)/6?
2, 197
List the prime factors of 6 - -17 - (-3)/(-1).
2, 5
Let k(q) be the first derivative of 5*q**3 + q + 2. Let p be k(-1). Suppose -5*i - y = -0*y - 44, -4*y + p = 0. List the prime factors of i.
2
Suppose -4*o - 41 = -3*f, 3*f - 2*o = -3*o + 31. List the prime factors of f.
11
Let v(w) = w**2 - 8*w + 8. Let k be v(6). Let l be k/20 + (-128)/10. Let q = l - -18. What are the prime factors of q?
5
Suppose -3*w = 3*r - 12, w - 6*r - 10 = -r. Suppose -2*j + 2*o = 3*j - 60, 2*j - 45 = w*o. List the prime factors of j.
2, 5
Suppose -26 = 5*q + 29. Let m = -6 - q. Let a = 8 - m. What are the prime factors of a?
3
Suppose h - 13 = 148. List the prime factors of h.
7, 23
Let g(n) = n**2 + 8*n - 13. Let q be g(-9). What are the prime factors of (-192)/q - (-1 - 0)?
7
Suppose 5*t = 88 + 612. List the prime factors of t.
2, 5, 7
Let u be 0 - (1 + -5)*1. Suppose -k = -u*k + 15. What are the prime factors of k?
5
Let a = -22 - -35. What are the prime factors of a?
13
Suppose -5*m = 4*k - 9*k - 25, -k = 4*m. Let v be (m + -2 - -3)*1. List the prime factors of (23 + 1 + 2)/v.
13
Suppose -4*w = 2*p + w - 17, 5*p = -5*w + 35. Suppose -3*a + z = p*z - 94, a - 18 = -5*z. What are the prime factors of a?
2, 19
Let q(h) = h**3 - 5*h**2 + 5. Let t be q(4). Let m = t + 15. What ar